-21*w - 76901 = -32*w. Suppose -4*x = -w - 21813. Is x a prime number?
False
Suppose -35 = -5*r - i, -3*r + 33 = -2*r - 5*i. Let g be (-8)/10*140/r. Is (-6 - -1)*g/35 a prime number?
True
Let h be 0/(-5) - 0/(-1). Suppose h = 9*b - 25519 - 13235. Is b prime?
False
Let k(t) = -2593*t**3 - t**2 - 5*t - 6. Suppose -3*v - 2*h - 11 = 0, -14 = -2*v + h - 12. Is k(v) prime?
True
Is (-1)/(1*4/(-246508)) prime?
True
Suppose -3*g + 597336 + 2468289 = -7*k, 0 = -3*g + 5*k + 3065613. Is g composite?
False
Let w(f) = -1 - 7*f - 4*f**2 + 6*f**2 - f + 19738*f**3 + 8. Is w(1) prime?
True
Suppose 2*y - 42856 = -0*y. Let t be 10/25 + y/5. Suppose o - 4296 = 5*b, o + 3*b + t = 2*o. Is o a prime number?
True
Suppose 203732 = 26*f + 5*f. Suppose 22*j - f = 18*j. Is j a composite number?
True
Suppose 10*c = 39 - 149. Let x = 7 - c. Suppose -23*l = -x*l - 4385. Is l prime?
True
Suppose s + 25 = -s - 5*z, -15 = 3*s + 3*z. Suppose s = -127*u + 129*u - 10. Suppose -j = -4*j + c + 803, c = -u*j + 1333. Is j a composite number?
True
Is (-1522303)/(-2) + 63/42 a composite number?
False
Suppose -5389339 = -111*f + 21216584. Is f a prime number?
False
Suppose 17*s = 2*z + 14*s - 13130, 4*z = -2*s + 26228. Is z a composite number?
True
Suppose -19 = 4*r + 17. Let y(m) = -4*m**3 - 13*m**2 - m + 11. Is y(r) a prime number?
False
Let y be 1*((-301692)/30 - 3/5). Let v = -5766 - y. Is v a prime number?
False
Let u = -2997 + 10721. Suppose 3*b + b = u. Is b a prime number?
True
Let u(d) = -d**3 - 3*d**2 + d. Let h(l) = 9*l**3 + 27*l**2 - 26*l + 1. Let r(w) = -h(w) - 4*u(w). Is r(-8) a prime number?
True
Let i(m) be the second derivative of -41*m**4/12 + m**3/6 + 7*m**2/2 - 13*m. Let h(l) = l**2 + l. Let c(g) = -4*h(g) - i(g). Is c(-5) a prime number?
False
Let f be 1/(2/(-3) - 501/(-765)). Let r = f - -26. Let c = 264 - r. Is c a composite number?
True
Let x = 28 - 26. Suppose -x*j + 2 = 2*u, 2*j - 2 = 2*u + 8. Suppose -4*n = -4*w - 2004, -j*n + 443 = -4*w - 1062. Is n prime?
True
Let l(x) = -1557*x - 4. Let m(i) = -2*i - 1. Let r be m(3). Let s be l(r). Suppose 4*h - 10895 = -5*p - h, h - s = -5*p. Is p prime?
True
Suppose 158*g - 113841687 - 5935427 = 0. Is g prime?
True
Suppose a - 10165 = -c, 34*c = 32*c + 3*a + 20330. Suppose -8*n - 12 = -5*n, -2*n = -q + c. Is q prime?
False
Let n(x) = 4*x + 5*x - 16*x**2 + x**3 + 8*x - 3. Let y be n(15). Is 2/(-9) + 18285/y a prime number?
True
Let u(x) = 2*x**3 + 3*x**2 + 43*x - 17. Is u(40) a prime number?
True
Let h = 446 + -418. Is (-75315)/(-10) - 14/h composite?
True
Suppose 0 = 4*d + 2*r - 4536230, -4*r - 152 = -140. Is d prime?
True
Let i(w) = -566*w**3 + 50*w**2 + 38*w - 5. Is i(-8) a composite number?
True
Let c = 77984 - 54703. Suppose -6*y + c + 12077 = 0. Is y composite?
True
Let h be (15/(-9))/(4/36*-3). Suppose b - 5*z = -3*z + 322, -5*z = -h*b + 1635. Suppose -b = a - 3271. Is a a composite number?
False
Let v(j) = -90*j + 577. Is v(-12) a composite number?
False
Let n = -2544 - -28115. Suppose 0 = -4*g + 2*m + m + n, g + 3*m = 6374. Is g a prime number?
True
Suppose -5*r + 50920 = 5*r. Suppose -2*g - 4*i = -r, 5*g - 2*g - 7653 = -i. Suppose -g - 335 = -m. Is m composite?
False
Let d be (2 + -2)/(-5 - -8). Let t(o) = o**2 + 6*o + 8. Let a be t(19). Suppose d = l - 4*l + a. Is l prime?
False
Is (-52)/6*(9 + 100647/(-6)) a prime number?
False
Suppose -4*h - 5 = 3*k, 5*h + 0 = k - 11. Is (238 - 16) + k + 0 composite?
False
Let v(y) = -4045*y - 3. Let r be v(-1). Suppose u + 4*t = 1381 + 2660, -u - 3*t + r = 0. Is u composite?
True
Let f = 41832 - -70129. Is f composite?
True
Is ((-517636)/(-84) + -18)/((-10)/6 + 2) prime?
True
Let g(b) = b - 18. Let s be g(22). Is -1*1 - (7 + -162)*s composite?
False
Let a = -47 - -73. Let c = a + -23. Is ((-6836)/(-16))/((c*-1)/(-12)) prime?
True
Let a(d) = -376107*d - 2305. Is a(-4) composite?
True
Let c(d) = -3*d**2 + 13*d - 2. Let h be c(4). Is h/(-9) + 1539571/99 composite?
False
Let s = 87 + -87. Suppose 2*u + 56 - 56 = s. Suppose -10*o + 9*o + 2455 = u. Is o prime?
False
Let j(m) = 6*m - 4. Let t(r) = -7*r + 5. Let s(h) = 6*j(h) + 5*t(h). Let g(x) = -25*x + 26. Let b(z) = g(z) + 2*s(z). Is b(-9) prime?
False
Let m(f) = 238*f**2 + 22*f - 39. Is m(-14) a composite number?
False
Suppose -4*r - 12*j + 1288093 = -9*j, -j = -5*r + 1610083. Is r a composite number?
True
Suppose 86346 = 102*y - 96*y. Suppose -y = 12*f - 114987. Is f a prime number?
False
Suppose f - 15946 = -583. Let m = -9014 + f. Is m a composite number?
True
Is 6/4*((-3553908)/(-36) - 7) a prime number?
False
Let u = 12264 + 19055. Is u composite?
False
Is (3636273/(-178))/(3/(-2)) a composite number?
False
Let w be 366/(-5)*(9/6 - 9). Let s = w - -248. Is s a composite number?
False
Let c = 377 - 373. Let g(y) = 1 - 8 + 75*y**2 + 10*y + 8*y**2. Is g(c) a composite number?
False
Is 1166/110 - 10 - (-213407)/5 a prime number?
False
Let v(f) = -7*f - 8. Let c be v(-1). Let r(m) = 1922*m**2 + m + 2. Is r(c) prime?
False
Suppose -4*o = -4*a - 48804, 10*o = 13*o + 4*a - 36589. Is o a composite number?
True
Suppose 28*c + 1890763 = 30*c + 3*d, -945392 = -c - 5*d. Is c a prime number?
True
Let g be 0 + 28038 + -1 + -8 + 5. Suppose b = g - 5265. Is b prime?
True
Let w = -1604 + 5507. Suppose -4*u = h - 0*u - w, 4*h - 15625 = -3*u. Is h a composite number?
False
Suppose 7*t - 614 = 1066. Suppose -2*a + 2342 = -t. Is a composite?
False
Let w = 87 + 1005. Is w/20*68 - (-1)/5 composite?
True
Let p(m) be the third derivative of m**7/630 - 31*m**6/720 - 11*m**5/30 + 19*m**2. Let b(w) be the third derivative of p(w). Is b(7) composite?
True
Let t = 7044 - -3139. Suppose -5*x + t + 13992 = 0. Is x prime?
False
Let v(q) = 11*q**2 - 4*q - 10. Let k(z) = -13 - 8*z - 13*z**2 + 6 + 9*z**2. Let d be k(-2). Is v(d) a prime number?
True
Suppose -5*g + 394367 = 3*c, 6*g + 30*c = 33*c + 473280. Is g composite?
False
Suppose 60518 + 124562 = 8*d + 4*o, d + 3*o - 23125 = 0. Is d a prime number?
False
Suppose -5*a - 43 = 2*w, -3*w + 4*w = 5*a + 1. Let h be ((-35)/w)/((-10)/(-24)). Suppose -5155 = h*g - 11*g. Is g prime?
True
Let x be (-3)/6 + (-141)/(-2). Let y = -1087 - -1027. Let j = x + y. Is j prime?
False
Let l be -3669 + (-3)/((6/(-4))/1). Let r = l + 2104. Let q = 3076 + r. Is q composite?
True
Suppose 15*i + 288571 - 1891746 = 1464940. Is i composite?
True
Suppose -619 = 5*n + 3*w - 62, 4 = -w. Let b = 7673 + -7526. Let r = n + b. Is r prime?
False
Let m = 244 + -140. Is 3 + m*(-542)/(-4) a prime number?
False
Let b(l) = 2*l**2 + 2*l - 1. Let a be b(-2). Suppose 0*n = 5*t - a*n - 24, 5*t - 36 = -3*n. Is (-8222)/((-1)/(-1))*(-3)/t a composite number?
False
Suppose -58*b - 5 = -59*b. Suppose 6*l = -b + 23. Suppose -4*p = -5*u + 1347, 0 = -u - l*p + 7*p + 279. Is u composite?
True
Suppose 7*o = 3*o + 16464. Let a = 1457 - 768. Suppose o - a = m. Is m composite?
True
Suppose 0 = -3*m + 21, -37*s - 4*m = -39*s + 844590. Is s composite?
False
Is (4/40)/(1/397910) prime?
True
Suppose -5*y = 5*m - 97792 - 189568, 3*m = 5*y + 172424. Is m composite?
True
Let m(a) = 3330*a - 19. Is m(18) a prime number?
True
Let z = -52133 + 522376. Is z a prime number?
True
Let r = 28 + 22. Let j = r + -49. Is (5 + -4 + 378)/j prime?
True
Suppose -5 = -5*m - 3*d, -m - d + 1 - 2 = 0. Suppose -3*a = -o - 31, -m*a + 26 = -o - 2*a. Let u(z) = -93*z - 11. Is u(o) prime?
False
Suppose 27*x + 941673 = 1065247 + 2040233. Is x prime?
True
Let w = 2988 + -1227. Let n = 2428 + w. Suppose -4*a = 2*s - 4154, -n = -4*a + 4*s + s. Is a a prime number?
False
Suppose 4*m - 128 = 5*a, 5*a + 29 = 5*m - 131. Suppose 0 = -m*x + 25*x + 15281. Is x a composite number?
True
Suppose 1630413 = 17*t + 404696. Is t a prime number?
True
Suppose 0 = -2*s - 4*v + 3470, 5*s + 5*v + 1518 = 10193. Suppose -7*w = -2*w - s. Is w a prime number?
True
Suppose -6*a + b = -2629408 - 1272811, 2*a = 3*b + 1300721. Is a a prime number?
False
Let p be (122/(-6) - -7)/((-4)/(-1866)). Let d = p - -10703. Is d composite?
False
Let d = 70938 + -185. Is d a composite number?
False
Suppose -22*m + 71363 = -21*m - 5*b, -285427 = -4*m - 5*b. Suppose -l = 5*l - m. Is l prime?
False
Let q(v) = v**2 + v + 33. Let i be q(0). Let a = -32 + i. Is (-2805)/(-4) + a/(-4) composite?
False
Let d = -65 - -57. Let x be 2/3*6*6/d.